 what is 10 + -6?
1
In base 10, what is -28 + -2?
-30
In base 11, what is 138a - 2?
1388
In base 6, what is 24424 + 3?
24431
In base 2, what is 0 + 110011?
110011
In base 4, what is 1112322 + 0?
1112322
In base 7, what is 0 + -112?
-112
In base 2, what is 11 - -1110010001?
1110010100
In base 16, what is -35f + -5?
-364
In base 9, what is -134 + 30?
-104
In base 7, what is 202 + 10?
212
In base 6, what is 1012 - -10?
1022
In base 7, what is 134 - 45?
56
In base 5, what is -3 - 1220?
-1223
In base 3, what is 101 - 2010100?
-2002222
In base 3, what is 2 + 100?
102
In base 6, what is -20305 - 2?
-20311
In base 15, what is -107c + 1?
-107b
In base 7, what is 62 - 3?
56
In base 10, what is 4 + 124?
128
In base 2, what is -100000 + 110?
-11010
In base 9, what is 8028 - -3?
8032
In base 13, what is 2 + 38?
3a
In base 4, what is -32010 - 1?
-32011
In base 4, what is 332 - -10?
1002
In base 9, what is -6873 + 4?
-6868
In base 11, what is -11 + -1?
-12
In base 5, what is 4 + 113301?
113310
In base 14, what is 1 + -1273?
-1272
In base 4, what is 3 - 21133?
-21130
In base 16, what is -1 - -22?
21
In base 7, what is 52000 + 4?
52004
In base 3, what is 111 - -1001?
1112
In base 3, what is 2021 - -2112?
11210
In base 13, what is 2 + 173?
175
In base 16, what is f - -a?
19
In base 11, what is 3 - 34?
-31
In base 11, what is -3 + 767?
764
In base 9, what is -12 - -160?
147
In base 10, what is -12 + -334?
-346
In base 15, what is -5 - -9?
4
In base 3, what is 2012222 + -11?
2012211
In base 13, what is -23 - 2?
-25
In base 14, what is 26b + -1?
26a
In base 8, what is 23 - 617?
-574
In base 5, what is -2 + -1321?
-1323
In base 2, what is -101 + -111001?
-111110
In base 12, what is -3 - -89?
86
In base 16, what is -12 - a6?
-b8
In base 5, what is 241 + -110?
131
In base 4, what is 122 + 1121?
1303
In base 6, what is 552 + -5?
543
In base 12, what is -12a - -2?
-128
In base 6, what is 1 - -1503?
1504
In base 10, what is 85 + 0?
85
In base 12, what is 3 - 46?
-43
In base 4, what is -22203 + 11?
-22132
In base 8, what is 717 - 7?
710
In base 7, what is 3350 - 4?
3343
In base 13, what is -5 - -1932?
192a
In base 16, what is -5a - 5?
-5f
In base 7, what is -6 - 215?
-224
In base 4, what is 2 - -1001?
1003
In base 14, what is 104 - -4?
108
In base 14, what is -2c - 4?
-32
In base 13, what is 245 + 0?
245
In base 12, what is 2 - 2b75?
-2b73
In base 15, what is 137e - -1?
1380
In base 12, what is 1 + -107?
-106
In base 16, what is 1 + -2d4?
-2d3
In base 4, what is 13130 + 0?
13130
In base 12, what is 124 - 7?
119
In base 4, what is -2 + -23030?
-23032
In base 11, what is 437 + 4?
440
In base 2, what is -11011010110 - -11?
-11011010011
In base 9, what is -3 + -1?
-4
In base 2, what is -10100011000011 + 11?
-10100011000000
In base 15, what is -3 - 347?
-34a
In base 14, what is -9 + -26?
-31
In base 15, what is -a3 - 4?
-a7
In base 11, what is 61 - 3?
59
In base 2, what is -101101 + -1011?
-111000
In base 10, what is 8768 + -3?
8765
In base 9, what is 5 - -2517?
2523
In base 2, what is -1010001 + -1?
-1010010
In base 15, what is -2 - 3c?
-3e
In base 14, what is 4c6 + -3?
4c3
In base 12, what is -5a7 + 7?
-5a0
In base 16, what is 3d - 7b?
-3e
In base 15, what is -5 + -3a5?
-3aa
In base 13, what is 14b6 + 2?
14b8
In base 7, what is -3 + -32?
-35
In base 9, what is 532 - 2?
530
In base 4, what is -312 - -2?
-310
In base 8, what is -7 - -102?
73
In base 7, what is 102 + -11?
61
In base 12, what is -39b - 6?
-3a5
In base 8, what is -2 - 223?
-225
In base 16, what is -4 - -33?
2f
In base 4, what is 10 - 100?
-30
In base 6, what is -4 - -51?
43
In base 10, what is -169 - 48?
-217
In base 14, what is -3 - -28?
25
In base 4, what is 0 - 2013?
-2013
In base 14, what is -cc + -7?
-d5
In base 11, what is -28 + -241?
-269
In base 15, what is 333 + -2?
331
In base 12, what is 23 - -273?
296
In base 2, what is -101100 + 1?
-101011
In base 9, what is -65 + 13?
-52
In base 10, what is -654 - 19?
-673
In base 5, what is 1 + 12044?
12100
In base 16, what is 1 + -136?
-135
In base 3, what is 11110 + 2?
11112
In base 12, what is -53 - -51?
-2
In base 15, what is -3 + -18?
-1b
In base 13, what is -13 - 12?
-25
In base 16, what is 29 - -a?
33
In base 15, what is 964 + 4?
968
In base 7, what is 3 + -416?
-413
In base 8, what is 17 - -2734?
2753
In base 13, what is 16 - -194?
1aa
In base 2, what is 1 + -11110101?
-11110100
In base 7, what is -143 + -3?
-146
In base 9, what is 21 + -1631?
-1610
In base 9, what is 3146 + -5?
3141
In base 12, what is 2a5 + 19?
302
In base 14, what is 23a6 - 0?
23a6
In base 13, what is 18790 - -2?
18792
In base 6, what is -1131 - -5?
-1122
In base 12, what is -3 + -19?
-20
In base 11, what is 15 - 14?
1
In base 4, what is -3 + -332?
-1001
In base 10, what is -17 - -20?
3
In base 11, what is 11a + 1?
120
In base 16, what is -d + d?
0
In base 9, what is 2 - 22?
-20
In base 12, what is -202 + -8?
-20a
In base 8, what is 5 + 605?
612
In base 5, what is 42202 + -10?
42142
In base 4, what is 1031 + -33?
332
In base 14, what is -55 - 2?
-57
In base 9, what is 818 + -64?
744
In base 11, what is -213 + 5?
-209
In base 2, what is -100100 + 0?
-100100
In base 11, what is -528 - -5?
-523
In base 11, what is 4 + 175a?
1763
In base 9, what is -4 - -365?
361
In base 6, what is 2 - 10?
-4
In base 3, what is -1222000 + -1?
-1222001
In base 2, what is -10010 + 1000?
-1010
In base 7, what is -1 + 42?
41
In base 12, what is -4 - 1275?
-1279
In base 7, what is 111 + -61?
20
In base 11, what is 71 - 14?
58
In base 13, what is -932 + 3?
-92c
In base 8, what is 104 - -1?
105
In base 10, what is -2 + -1998?
-2000
In base 9, what is 8 - 1437?
-1428
In base 11, what is 255 + 2?
257
In base 11, what is -7 - -9?
2
In base 12, what is 40 - 0?
40
In base 10, what is -12 + 0?
-12
In base 8, what is -201 + 126?
-53
In base 16, what is 7 + 155?
15c
In base 15, what is 0 + -33?
-33
In base 14, what is -3 + -114?
-117
In base 15, what is -5 + -1b?
-21
In base 8, what is 536 + -5?
531
In base 10, what is 2112 - -8?
2120
In base 13, what is 923 + 5?
928
In base 15, what is -8 - 64d?
-656
In base 4, what is -3 + 120?
111
In base 9, what is 6 - -80?
86
In base 3, what is 12122 - -11221?
101120
In base 15, what is 42 + -5?
3c
In base 2, what is -10011100 - 101?
-10100001
In base 3, what is -201 - 102?
-1010
In base 11, what is -5 + 5277?
5272
In base 9, what is 32100 + -2?
32087
In base 2, what is -11 + -10?
-101
In base 9, what is -4 - -67?
63
In base 7, what is -3235 + 6?
-3226
In base 14, what is -11 - 4?
-15
In base 12, what is -a + -85?
-93
In base 15, what is 4 - -7d7?
7db
In base 13, what is 81 + -10?
71
In base 15, what is 55 + 4d?
a3
In base 12, what is -2 - 1519?
-151b
In base 7, what is -4030 + 4?
-4023
In base 15, what is c8 - 3?
c5
In base 7, what is 45040 - -5?
45045
In base 9, what is -6018 + -1?
-6020
In base 8, what is 1 + -1117?
-1116
In base 9, what is -367 + 1?
-366
In base 12, what is 14a + -4?
146
In base 2, what is -11 - 1110100111?
-1110101010
In base 6, what is -2 - -255?
253
In base 3, what is -210210 + 11?
-210122
In base 3, what is 201110 + 2?
201112
In base 14, what is 11 - -21a?
22b
In base 6, what is 0 - 35354?
-35354
In base 6, what is 12305 + 4?
12313
In base 11, what is -7a5 - 4?
-7a9
In base 6, what is -2 - 45?
-51
In base 7, what is 2 - -10121?
10123
In base 9, what is 576 + -1?
575
In base 8, what is 5 - 334?
-327
In base 8, what is 1 - -76?
77
In base 5, what is -2 + 31200?
31143
In base 11, what is -43 - -3?
-40
In base 11, what is 256 - 3?
253
In base 8, what is 46 + 47?
115
In base 4, what is -323 + 12?
-311
In base 15, what is 1cb9 - -4?
1cbd
In base 16, what is -48 - -4?
-44
In base 8, what is -141 + -1?
-142
In base 9, what is 8 + 74?
83
In base 16, what is -f + 10?
1
In base 8, what is 1 + 675?
676
In base 9, what is 138 + 18?
157
In base 14, what is 553 + -1?
552
In base 12, what is 165 - 3?
162
In base 10, what is -2547 + 0?
-2547
In base 3, what is -22101 + 220?
-21111
In base 4, what is -3310 - -10?
-3300
In base 4, what is 1022 - -2?
1030
In base 8, what is -10 - 267?
-277
In base 7, what is -3 + -365?
-401
In base 13, what is 2 - -820?
822
In base 6, what is -124 - 43?
-211
In base 3, what is 201020 + 1010?
202100
In base 13, what is -7 - 1a0?
-1a7
In base